Calculate the remainder when w is divided by 4.
0
Let d(s) = -s**3 - 25*s**2 - 84*s + 83. Calculate the remainder when 745 is divided by d(-21).
81
Let l(u) = -20*u**2 - u - 27. Let d be l(-7). What is the remainder when d/(-40) - (6 - 2) is divided by 4?
1
Suppose 2*p - 496 = -41*p + 63. What is the remainder when 91 is divided by p?
0
Let u(a) = 19*a - 723. What is the remainder when u(44) is divided by 26?
9
Suppose -2*s + 5*d = 27, s + d - 8 = -4. Calculate the remainder when (-1111)/44*s*8 is divided by 51.
49
Suppose 7*o - 2*o = -75. Let i be (o + 17)/(1/4). What is the remainder when (-40)/45*-3*42/i is divided by 8?
6
Suppose 0 = -5*l + 7*l - 3*t - 156, -l - 5*t = -91. Let d = 67 + -114. Let m = d + l. Calculate the remainder when m is divided by 7.
6
Suppose 0 = -4*z + a - 412, 4*z - 2*a - 216 = 6*z. Let u = z + 191. Calculate the remainder when u is divided by 10.
7
Let j be (4 - 80/1)/(-2). Let a = 54 - j. Let q = 144 + -67. What is the remainder when q is divided by a?
13
Suppose -564*h + 566*h + 1940 = 0. Let l = -379 - h. Calculate the remainder when l is divided by 22.
19
Let j(g) = g**2 + g - 1. Let p be j(1). Suppose -l - 3*n + p + 1 = 0, -n = -3*l + 26. What is the remainder when (l/4 + -57)*-1 is divided by 8?
7
Let h(y) = 12*y**3 + y**2 + y - 1. Let t be h(1). Suppose 5*q + 2368 = t*q. Suppose 0*z = 4*z - q. What is the remainder when z is divided by 13?
9
Let f(z) = -z**2 - 13*z + 13. Suppose -5 = -6*t + 11*t. Calculate the remainder when (-92)/t + (72/6)/3 is divided by f(-9).
47
Suppose -16*d + 70596 = 2*d. Suppose 602*w - 565*w = d. Suppose -2*x + 54 = -0*x. Calculate the remainder when w is divided by x.
25
Let i be (4/(-6))/((-82)/615). Suppose 8*z - 5*h - 57 = i*z, -38 = -2*z + 4*h. Calculate the remainder when z is divided by 15.
4
Suppose 1719*a = 1777*a - 5104. What is the remainder when a is divided by 36?
16
Calculate the remainder when 726 is divided by (-1)/((-5)/120)*(3 + 12).
6
Let p(f) = -5*f**3 - 104*f**2 + 33*f + 366. What is the remainder when 689 is divided by p(-21)?
5
Calculate the remainder when 6/18 + (-13)/(234/(-48792)) is divided by 46.
43
Let f = -3 - -17. Let v(b) = 3*b**2 - 11*b - 33. Let r(g) = -g**3 + 2*g**2 - 6*g - 3. Let i be r(0). Calculate the remainder when v(i) is divided by f.
13
Suppose 0 = 2*j + 2*w - 2168, -3*w - 504 = -516. What is the remainder when j is divided by 156?
144
Suppose 21 = 2*u - 3*u - 3*c, -5*c - 13 = -2*u. Let q = u - 2. Calculate the remainder when 3/q - 1112/(-64) is divided by 6.
5
Suppose -15875 + 26819 - 270954 = -243*h. What is the remainder when 3210 is divided by h?
0
What is the remainder when ((-3)/3 + -1141)*(-8 + 255/34) is divided by 85?
61
Suppose 4*g - 133 = 51. Suppose g = 5*b - 104. Calculate the remainder when 117 - 0 - (8 + 2)/(-5) is divided by b.
29
Let m(w) = -w**3 - 2*w**2 + w + 46. Let f be m(0). Let v = f + -27. What is the remainder when 87 is divided by v?
11
Let q(u) = -4*u + 4*u + 2*u. Suppose -2*o + 20*a + 292 = 0, o - 2*a - 1744 + 1678 = 0. What is the remainder when o is divided by q(4)?
6
Calculate the remainder when 1542 is divided by 17/1 + 485 + 9.
9
Suppose -259*x = -284*x + 675. Suppose 2*q + 4*h + 29 = -h, 0 = -5*q + 4*h + 10. What is the remainder when 158/((0 - 4)/q) is divided by x?
25
Let c = 60 + -62. Let s be (0 + 8)/(c/(-193)). Calculate the remainder when (-15)/25 - (2 + s/(-20)) is divided by 10.
6
Let q be (-4)/7 + (-5376)/(-147). Suppose -4*z = -3*v - q, -45 = -8*z + 3*z + 2*v. What is the remainder when 13 is divided by z?
4
Let b = 918 - 878. Suppose -2*i + 33 = i. What is the remainder when b is divided by i?
7
Suppose -5*q + 142 = -3*n, -4*q + 130 = n + 30. Let u = -56 - -111. Let a = u - q. Calculate the remainder when a is divided by 10.
9
Let g = -1641 + 2115. Calculate the remainder when g is divided by 95.
94
Let g = 371 + -484. Suppose 5*j + 194 = -126. Let m = j - g. What is the remainder when 144 is divided by m?
46
Let b(y) = -184*y + 3981. Calculate the remainder when b(9) is divided by 572.
37
Suppose 53*r = 51*r + 3*b + 282, -3*r + 3*b + 417 = 0. What is the remainder when 285 is divided by r?
15
Suppose -4*y = y - 245. Suppose 118 = h + y. Suppose -8*a + 1062 = 918. What is the remainder when h is divided by a?
15
Let u = 21 + 1. Let l(f) = f**3 - 12*f**2 + 37*f - 25. Let g be l(6). Let j = g + u. Calculate the remainder when 13 is divided by j.
1
Suppose -7*l + 24*l = -127*l + 117648. Calculate the remainder when l is divided by 114.
19
Let w(l) = -37*l - 277. What is the remainder when w(-10) is divided by 35?
23
Suppose -3*i + 4 = 2*g - 38, g - 77 = -5*i. Let b = -81 + 204. What is the remainder when b is divided by i?
11
Let u(x) = -51*x + 15*x + 27 + 21*x + 16*x. What is the remainder when 129 is divided by u(-17)?
9
Suppose -4*b - 224 = -25*u + 22*u, -u = -4*b - 80. Calculate the remainder when 179 is divided by u.
35
What is the remainder when 725 is divided by (96/14 - 32/(-224)) + -1 + 21?
23
Let w = 52 - 55. Let k = w + 56. Let n = k + -18. Calculate the remainder when 67 is divided by n.
32
Let d(k) = k**2 + 6*k - 18. Suppose -6*x = -13 - 5. Let h be (x/1 - (-2)/(-2)) + -12. What is the remainder when d(h) is divided by 5?
2
Suppose 2*b - 3*b = -5*d + 305, -5*b - 4*d - 1583 = 0. Let q = -250 - b. What is the remainder when 190 is divided by q?
60
Suppose -311*c + 344*c - 128667 = 0. Calculate the remainder when c is divided by 244.
239
Let s be 2080/(-26)*(-52)/10. Calculate the remainder when (-2 + 1)*5 + s/8 is divided by (-2)/1 - (-28)/2.
11
Let v(w) = -34*w - 227. What is the remainder when v(-11) is divided by 129?
18
Let z = -465 + 696. Suppose -b + x + 41 = 3*x, -5*b + z = -3*x. What is the remainder when 89 is divided by b?
44
Suppose 37*z - 3380 = -5*z - 10*z. What is the remainder when 454 is divided by z?
64
Suppose 0 = 3*d, -3*d + 854 + 671 = 5*m. Let k = m + -160. What is the remainder when k is divided by 73?
72
Let t = 68 - -24. Calculate the remainder when (11 - (-11)/((-110)/(-531)))*10 is divided by t.
89
Suppose 7*s + 5*s - 108 = 0. Suppose -s = -2*d - 1. Suppose -5*p + 12 = 3*k, -d*p + 0 = 5*k - 7. Calculate the remainder when 40 is divided by p.
1
Let m = -21079 + 21234. Calculate the remainder when m is divided by 41.
32
Suppose -302*r + 6568 + 6721 = -205*r. Calculate the remainder when 4518 is divided by r.
134
Suppose 14*c - 420 = -7*c. Let x be 2315/15 + (-2)/(-3). Suppose p + 4*a - 56 = 0, -p + 5*a = 4*p - x. Calculate the remainder when p is divided by c.
16
Suppose 509 + 1227 = -8*j. Let p = j + 442. What is the remainder when p is divided by 58?
51
Let u = 1260 - -3424. Calculate the remainder when u is divided by 11.
9
Suppose -91293 = -704*j + 17379 + 29312. What is the remainder when 1940 is divided by j?
176
Suppose -3*y = 2*d - 1071, 0 = y - d - 79 - 283. Suppose 23*r - 7*r = -8*r - 4704. Let x = r + y. Calculate the remainder when x is divided by 42.
37
Suppose 1001*x - 982*x - 1995 = 0. What is the remainder when 370 is divided by x?
55
Let a = -631682 + 631687. Let t(f) = 10*f + 1. Calculate the remainder when t(5) is divided by a.
1
Suppose -v + 24 = 2*r - 41, 4*r - 16 = 0. Calculate the remainder when v is divided by (-18)/(2/(-2))*(-175)/(-70).
12
Suppose 0 = 39*f - 1280 + 422. Suppose -f*b = -8 - 256. What is the remainder when 249 is divided by b?
9
Let a(p) = p**2 + 9*p - 22. Let s be a(-11). Suppose 5*h + 2*c - 625 = s, 5*c = h - 53 - 72. What is the remainder when h is divided by 43?
39
Suppose -4*i = 4*t - 168, -2*i + 7*i = 0. Suppose 5*f = 2*a + 102, -a = -4*f + t + 39. Calculate the remainder when 59 is divided by f.
19
Let j(y) = -y**2 + 18*y - 15. What is the remainder when 6*(18 + 434/28) is divided by j(14)?
37
Suppose 4*h + 21 = 5*c - 91, -3*h = -4*c + 90. What is the remainder when 476 is divided by c?
20
Suppose -70 = -2*v - d + 17, 5*v + 4*d = 213. Calculate the remainder when 1302 is divided by v.
42
Let r(g) = 11*g**3 - g**2 + g. Suppose 0 = n + 3*b + 2, 3*n - 3*b = 2*b + 8. Calculate the remainder when 2*(2100/(-8))/(-15) - 9 is divided by r(n).
4
What is the remainder when 623 is divided by -173 + 167 - (2/1 + -16)?
7
Suppose -35*y = -24*y - 22. Calculate the remainder when 13*5 - (-48)/(-24) is divided by (42 - 6) + (-2)/y